ctor of 381 and 40826944?
127
Calculate the highest common divisor of 3962808 and 18768.
552
Calculate the highest common factor of 39 and 16443388.
13
Calculate the greatest common factor of 15352 and 2318.
38
What is the highest common divisor of 27581799 and 959?
959
What is the greatest common divisor of 96048 and 1640?
8
What is the highest common divisor of 151557 and 2373?
21
Calculate the highest common divisor of 5608371 and 584.
73
What is the greatest common divisor of 173538 and 349253?
311
Calculate the greatest common divisor of 13893684 and 4116.
84
Calculate the highest common divisor of 568855450 and 50.
50
Calculate the highest common divisor of 364693 and 5802649.
983
Calculate the highest common factor of 20 and 7436995.
5
Calculate the greatest common factor of 168 and 170478000.
168
Calculate the highest common divisor of 268147 and 20293211.
1283
Calculate the highest common divisor of 3431118 and 18.
6
What is the highest common divisor of 1326005 and 502040?
815
Calculate the greatest common factor of 312180 and 13532640.
7260
What is the greatest common divisor of 12682 and 30913494?
746
Calculate the greatest common factor of 37 and 126123195.
37
What is the greatest common factor of 9758588 and 1?
1
Calculate the greatest common divisor of 12 and 48264324.
12
Calculate the highest common factor of 22319025 and 25.
25
Calculate the highest common factor of 8880 and 269286.
222
Calculate the greatest common divisor of 7014298 and 15856.
1982
What is the highest common factor of 774809 and 887411?
2681
Calculate the greatest common divisor of 90637885 and 4940.
1235
Calculate the greatest common factor of 1829934 and 81.
9
What is the greatest common divisor of 30 and 18130170?
30
What is the highest common divisor of 14 and 132915986?
14
Calculate the highest common factor of 378 and 9287.
1
What is the highest common factor of 10950 and 151209426?
438
What is the highest common divisor of 214 and 4448846?
214
What is the greatest common factor of 26 and 322543?
13
What is the greatest common factor of 16 and 49008192?
16
What is the highest common factor of 1485 and 1770945?
165
What is the greatest common factor of 2362384 and 76532?
1444
What is the greatest common divisor of 311732586 and 1584?
198
What is the highest common divisor of 2222 and 340168?
202
What is the greatest common factor of 1002 and 204965112?
1002
Calculate the highest common factor of 92716292 and 636.
212
What is the greatest common divisor of 170 and 30987600?
170
Calculate the greatest common factor of 14130 and 1610430.
30
Calculate the greatest common factor of 1918722 and 4641.
663
What is the highest common divisor of 3105 and 77302149?
69
Calculate the greatest common divisor of 7633 and 1824736.
449
Calculate the greatest common factor of 19452675 and 10439.
803
What is the highest common factor of 1102736 and 5576?
328
What is the highest common divisor of 53495 and 65390?
65
What is the greatest common divisor of 15120 and 182654136?
1512
What is the highest common factor of 4 and 12150686?
2
Calculate the highest common divisor of 6257796 and 1092.
12
What is the greatest common divisor of 22575 and 11116833?
903
Calculate the greatest common divisor of 66 and 14503860.
6
Calculate the greatest common factor of 1392 and 428852464.
464
Calculate the highest common factor of 2007923 and 48211.
1303
What is the greatest common divisor of 14986 and 2509860?
118
Calculate the greatest common divisor of 3015981 and 23976.
999
Calculate the greatest common factor of 6996 and 78334.
106
Calculate the greatest common divisor of 259 and 26830846.
259
What is the highest common factor of 8944 and 90515?
43
Calculate the highest common divisor of 208 and 13309192.
104
What is the highest common divisor of 2560 and 3762688?
512
Calculate the highest common divisor of 242530166 and 466.
466
Calculate the highest common divisor of 22 and 9469802.
2
Calculate the highest common divisor of 48 and 10555432.
8
What is the highest common divisor of 304 and 4684963?
19
Calculate the highest common divisor of 4060 and 451296.
4
What is the highest common divisor of 284145 and 1805?
95
Calculate the greatest common factor of 5936632 and 216.
8
What is the highest common divisor of 1215 and 7098480?
45
What is the highest common factor of 785 and 23107260?
785
What is the greatest common factor of 161994 and 1363719?
147
What is the greatest common factor of 7956 and 132978352?
884
Calculate the highest common divisor of 388811115 and 77.
77
What is the greatest common factor of 8684 and 1112800?
52
What is the greatest common factor of 38400 and 1240576?
512
Calculate the greatest common divisor of 231 and 138192.
3
Calculate the highest common factor of 56979 and 689.
13
What is the highest common divisor of 222 and 59649143?
37
Calculate the greatest common factor of 1097 and 9325597.
1097
What is the highest common factor of 3720 and 525386760?
3720
Calculate the highest common divisor of 10115 and 196247184.
2023
What is the greatest common divisor of 3332448 and 493?
29
Calculate the highest common divisor of 70 and 5188580.
10
Calculate the highest common divisor of 2020 and 12959260.
20
Calculate the highest common divisor of 3551309 and 364181.
311
What is the highest common factor of 14703 and 1679691?
507
Calculate the highest common factor of 464 and 6502.
2
Calculate the highest common divisor of 23421195 and 30.
15
Calculate the greatest common divisor of 327212 and 13008048.
1828
What is the highest common factor of 162 and 20803374?
18
What is the greatest common factor of 14 and 47948614?
14
Calculate the highest common divisor of 228 and 152595954.
114
What is the greatest common factor of 701320 and 3844800?
3560
Calculate the highest common factor of 348380 and 2640.
20
Calculate the greatest common factor of 224 and 15645182.
14
Calculate the highest common factor of 45048 and 419655906.
11262
Calculate the highest common factor of 996 and 45324156.
12
What is the highest common divisor of 439164 and 19818?
18
Calculate the highest common factor of 13222965 and 4095.
105
Calculate the highest common factor of 488915278 and 46.
46
Calculate the highest common factor of 1833637 and 1768.
221
Calculate the greatest common divisor of 1057035 and 2121.
21
What is the greatest common factor of 298464929 and 20335?
4067
Calculate the greatest common divisor of 69 and 30737982.
69
What is the highest common divisor of 674644720 and 240?
80
What is the greatest common divisor of 1389457 and 1717?
101
Calculate the highest common factor of 9837 and 29340.
9
What is the greatest common factor of 2333507 and 451?
11
What is the highest common factor of 2216 and 3948358?
554
Calculate the highest common factor of 9835 and 852324985.
1405
What is the highest common factor of 5175082 and 176?
22
What is the greatest common factor of 5425832 and 24?
8
Calculate the greatest common factor of 9985 and 50258499.
1997
What is the greatest common factor of 2133739 and 2?
1
What is the highest common factor of 76 and 58280714?
38
Calculate the greatest common factor of 7424794 and 130.
26
What is the highest common divisor of 123123 and 58056?
123
Calculate the highest common divisor of 102 and 120831.
3
Calculate the highest common factor of 185750067 and 3.
3
What is the highest common factor of 1007 and 1378742?
53
Calculate the highest common divisor of 245 and 228822195.
35
Calculate the highest common divisor of 246100 and 102005.
115
What is the highest common divisor of 291692 and 172?
4
What is the highest common divisor of 742 and 71218?
14
What is the greatest common factor of 11571714 and 5796?
2898
Calculate the highest common factor of 75 and 38067465.
15
Calculate the greatest common factor of 386307 and 7461.
9
What is the highest common factor of 171 and 109249101?
9
Calculate the highest common factor of 510231 and 25122.
159
What is the greatest common factor of 13082762 and 6776?
1694
What is the greatest common factor of 431175148 and 68?
68
What is the highest common divisor of 6751808 and 10192?
784
Calculate the greatest common divisor of 714 and 281418.
102
Calculate the greatest common divisor of 218028 and 1524.
12
What is 